f j?
2, 5
Let g(l) = -l**3 - 3*l**2 + 4*l - 3. Let m be g(-4). What are the prime factors of 20 + (m - 0) + 2?
19
Suppose 9*o = 17*o - 808. What are the prime factors of o?
101
Let r be -1 + 10*2/4. Suppose 20 = r*k, -2*t = 2*k - k - 3. List the prime factors of 0 + (0 - (-7 - t)).
2, 3
Suppose w - 5*w = 8. What are the prime factors of ((-3)/w)/(12/80)?
2, 5
List the prime factors of (4/(-18) + 1653/27)/1.
61
Suppose -x = 9*x - 1900. List the prime factors of x.
2, 5, 19
Let v = 0 + 1. Let f(g) = -3*g + 2. Let h(p) = -p - 1. Let n(t) = -f(t) - 3*h(t). List the prime factors of n(v).
7
Let n = 38 - -186. List the prime factors of n.
2, 7
Let u(f) = f**3 - 4*f**2 + f - 1. Let o be u(3). Let v(x) = 7*x**2 + 5*x - 7 - x**3 - 21*x**2 + 8*x**2. List the prime factors of v(o).
7
Let g(k) = 2*k**2 - 3*k + 2. List the prime factors of g(-4).
2, 23
Suppose 4*h + 2*u - 2 = -u, -2*u + 9 = -5*h. What are the prime factors of 9/6*(1 - h)?
3
What are the prime factors of (-82)/(-4)*(11 + -9)?
41
Let y = -14 + 29. Let k = y - -29. Suppose -i + 5*i = k. List the prime factors of i.
11
Let t(a) = a**3 - 5*a - 4*a**3 - 5*a**2 - 2 + 2*a**3. Let g be t(-4). What are the prime factors of (-4)/g + 4 + 6?
2
Let q(i) = -i**2 + 4*i - 1. List the prime factors of q(1).
2
Suppose -5*q - 14 = -5*i - 369, -q - 2*i + 59 = 0. Let f = 102 - q. List the prime factors of f.
5, 7
Let g(f) = 2*f - 3. Let p be g(2). Let j(u) = 7*u**3 + 2*u**2 - 2*u + 1. Let i be j(1). Let w = p + i. What are the prime factors of w?
3
Let w = -3 - -7. List the prime factors of (-1557)/(-45) - w/(-10).
5, 7
Suppose 0 = 2*v + 5*p - 104, -3*v + 4*p + 170 = 8*p. What are the prime factors of v?
2, 31
Let z(n) = n**2 + 7*n - 3. Suppose 4*h - 1 + 19 = -2*j, -3*h - j = 15. Let f be z(h). What are the prime factors of (3/9)/((-1)/f)?
3
Suppose 8*r + 173 = 917. List the prime factors of r.
3, 31
Suppose 0 = 4*b + 4*v - 12, 4*b - 29 = 3*v - 10. Let f(k) = 3*k + 2. What are the prime factors of f(b)?
2, 7
Let p be 6/(-9) + 28/6. Suppose 2*b = 2*f + 12, -b + 28 = p*f + 7. What are the prime factors of b - 0 - (-6)/3?
11
Suppose -2*y + 4*h - 13 = -3*y, 2*y + h - 47 = 0. List the prime factors of y.
5
Let a = 37 - 0. List the prime factors of a.
37
Let y(o) = 4*o**3 - o**2 + 2*o - 1. Let f be y(1). Suppose -d = -10 - f. List the prime factors of d.
2, 7
Let c = 18 - -42. List the prime factors of c.
2, 3, 5
Let s(o) = 63*o**2 + o - 1. List the prime factors of s(1).
3, 7
Let m = -22 + 24. Suppose 2*b - m*o = 62 + 34, 0 = b + 5*o - 42. What are the prime factors of b?
47
Let y(l) = l**3 + 5*l**2 + 4*l - 2. Let h be y(-4). List the prime factors of 15 + h*3/(-3).
17
Suppose -4*r + 662 = -2*w, -2*r + 173 = -r - 3*w. What are the prime factors of r?
2, 41
Let y = -5 + 30. List the prime factors of y.
5
Let c = 1 + -1. Let b be (0 + c)/(-1 - -3). Suppose -20 = -b*s - 2*s. List the prime factors of s.
2, 5
Let z(i) = -i**3 + 4*i**2 + 2*i - 5. Let r be z(4). Suppose 0 = -5*t - 63 + 78. Suppose 5*j = -r*s + 67, t*j - 5*s - 11 = 2. What are the prime factors of j?
11
Suppose b = 4*c + 2*b - 590, 4*c - 592 = -2*b. What are the prime factors of c?
3, 7
Let d = 15 - 10. Suppose d*n - 8 - 32 = 0. List the prime factors of n.
2
What are the prime factors of 32/(-10)*330/(-12)?
2, 11
Suppose 6*d - 761 = 1063. What are the prime factors of d?
2, 19
Suppose -10 = 3*s + 2*s. What are the prime factors of 18/(-2)*(s + -1)?
3
Suppose 0*q + 1 = -q. Let z(i) = 17*i**2 + 2*i + 2. List the prime factors of z(q).
17
Let n(k) = 3*k + 40. List the prime factors of n(-4).
2, 7
Let h(q) = -q**2 - 7*q + 6. Let t be h(-7). What are the prime factors of (-10)/((-3)/t - 0)?
2, 5
Suppose -5*b - 5*y + 470 = 0, -2*b + 370 = 2*b + y. What are the prime factors of b?
2, 23
Let g(x) = x**2 - 5*x + 3. Let z be g(5). Let n(p) = p**3 - 1. Let d be n(z). Suppose 4*q - 22 = d. What are the prime factors of q?
2, 3
Suppose 4*r + 2*g - 58 = -r, -3*r + 2*g + 22 = 0. What are the prime factors of r?
2, 5
Suppose 10 = 4*m - 3*m. Suppose 3*q - m = 71. List the prime factors of q.
3
Suppose 208 = 4*v + 3*t, -4*v + 0*t + 208 = -2*t. List the prime factors of v.
2, 13
Let g(x) = x**2 - 10*x - 26. What are the prime factors of g(13)?
13
Let k(m) = m**3 + m**2 - 2*m. What are the prime factors of k(4)?
2, 3
Suppose -4*i + 13 = 5*g, i - g + 1 = 2*g. Suppose 51 - 7 = i*n. Let s = -14 + n. List the prime factors of s.
2
Let s(m) = 3*m - 4. Let l = 2 + 3. List the prime factors of s(l).
11
Let l(q) = -q**2 + 7*q - 2. Let d be l(6). Suppose d*h = h + 39. Suppose n = -0*n + h. List the prime factors of n.
13
Let j(v) = v - 1. Let x(r) = -r**2 + 4*r - 1. Let t(w) = 3*j(w) - x(w). Let q(z) be the first derivative of t(z). What are the prime factors of q(5)?
3
Suppose 5*r - 5*m - 95 = 0, -19 = -r + 3*m - 5*m. List the prime factors of r.
19
Let p = 34 - 20. List the prime factors of p.
2, 7
Suppose 4*f - 272 = -x + 43, -4*x + 12 = 0. Let o = -47 + f. What are the prime factors of o?
31
Suppose 4*f + 8 - 84 = 0. Let l = f - 8. What are the prime factors of l?
11
Suppose -3*q = -2*q - 4. Let u(w) = w**2 + w + 5. List the prime factors of u(q).
5
Suppose -19 = -3*u + f, -3*u + 2*f + 21 = -f. What are the prime factors of u?
2, 3
Let p(g) = -g**3 - g**2 + g + 16. Let f be p(0). Let m = f - 13. What are the prime factors of m?
3
Let v(g) = -g**3 - 4*g**2 - 4*g - 1. Let f be v(-3). Let d = f + -1. What are the prime factors of 3/(-2)*(-3 + d)?
3
Let g = 10 - 10. Suppose -7*x = -y - 2*x + 45, g = 2*y - 5*x - 85. What are the prime factors of y?
2, 5
Let j = 10 - 6. Suppose -7*d + 4 = -4*d - 2*q, 2 = j*d - q. Suppose 2*c = -5*v + 16, d = -4*c - 5*v - 11 + 53. List the prime factors of c.
13
Suppose 5*r + 96 = 3*w, -r = 2*w - 0*w - 77. List the prime factors of w.
37
Suppose 2*d = 1 + 5. Suppose -d*w + 155 = -385. List the prime factors of (-2)/8 - w/(-16).
11
Suppose -z + 2*z - 20 = 0. What are the prime factors of ((-12)/z)/((-1)/5)?
3
Suppose 3*o = 6 + 9. Suppose o*c + 2 = 4*c. Let k(g) = -3*g - 2. What are the prime factors of k(c)?
2
Let j(f) = 2*f - 6. Let v be j(4). Let z be (-1)/v - 6/(-4). Let q = 2 + z. List the prime factors of q.
3
Suppose 8*f + 5 = 3*f, 2*f = -2*q + 148. What are the prime factors of q?
3, 5
Let h = 196 + 156. List the prime factors of h.
2, 11
Let r(b) be the third derivative of b**6/120 + 2*b**5/15 - b**4/12 - 7*b**3/6 - 5*b**2. What are the prime factors of r(-8)?
3
List the prime factors of (-8)/3*516/(-16).
2, 43
Suppose -16 = 5*m + 4, -5*v - 6 = -m. Let n = 1 - v. What are the prime factors of n?
3
Let k = -316 + 487. List the prime factors of k.
3, 19
Let u be (-8 + 5)/(3/2). What are the prime factors of u/(-2) + 2*5?
11
Suppose -3*b - 2*b + 50 = 0. Suppose -b = -n - 8. What are the prime factors of n?
2
Let h be (-58)/(-6) + 18/(-27). Suppose -3 = g - h. List the prime factors of g.
2, 3
Suppose 9 = 9*j - 6*j. List the prime factors of 1/(j + 51/(-18)).
2, 3
Let t(m) = -4*m + 5. Let d be t(2). What are the prime factors of ((-6)/(-8))/(d/(-72))?
2, 3
Let x = 37 + -5. What are the prime factors of x?
2
Let i(q) = 7*q - 1. Let t be i(-2). Let z = t - -11. Let b = 5 - z. What are the prime factors of b?
3
Suppose -2*c + d = -18, -4*c - 15 = d - 63. What are the prime factors of c?
11
Let o = 0 + 2. Let b = 2 + o. List the prime factors of b.
2
Let w(p) = -p**2 - 2*p + 10. Let i be w(-7). List the prime factors of 4/18 - i/9.
3
Let m(h) = h**2 + 6*h + 4. Let l be m(-4). List the prime factors of ((-5)/(-2))/(l/(-16)).
2, 5
Let f be -1*(-1 + -1)/(-1). Suppose -3*b - 4*w = -23, w - 7 = -0*b - 2*b. What are the prime factors of ((f - 0) + b)*-2?
2
Let a be (-4)/(-3)*(-6)/(-4). Suppose a*p = -o + 36, -3*p - 2*o + 0*o + 54 = 0. List the prime factors of p.
2, 3
Let w = -4 - -3. Let i be 2/12 - (-62)/(-12). Let o = w - i. List the prime factors of o.
2
Let z(g) = 3*g**2 - 1. Let c(k) = -4*k**2 - k + 1. Let p(o) = -4*c(o) - 5*z(o). Let s be (-15)/2*(-8)/(-10). What are the prime factors of p(s)?
13
Let d(h) = -h**2 + 7*h - 6. Let c be d(5). Suppose c = y - 0. Suppose n = -3*s - 3*n + 18, s = y*n + 6. List the prime factors of s.
2, 3
Let m(i) = -6*i + 1. Suppose -2 + 3 = -u. Let a be m(u). Let s = a + 3. List the prime factors of s.
2, 5
Let j(c) = -